18
Suppose -4*x - 30*i = -28*i - 96, -2*x + 32 = -3*i. Calculate the greatest common factor of x and 495.
11
Suppose -5*a + 74 = 2*u + 9, 0 = -u - 3*a + 35. Let y(k) = -k**2 + 25*k - 16. Let t be y(u). What is the greatest common factor of t and 24?
12
Suppose -5*h - 2*m + 481 = 30, 2*h + 2*m - 178 = 0. Calculate the greatest common divisor of 13 and h.
13
Let r(g) = -8*g - 8. Let h be r(-11). What is the greatest common divisor of h and 5?
5
Suppose 2*n + 14 = l, 2*l + 4*n = 55 - 11. Let f(t) = -2*t**2 + 39*t - 16. Let d be f(19). Calculate the greatest common factor of d and l.
3
Let p(i) = -i**3 + 23*i**2 + 83*i - 26. Let a be p(26). Suppose 2*j - 4*y - 38 = 0, -5*y + 12 = 2*j + 1. Calculate the greatest common divisor of j and a.
13
Suppose 2*j - 26 = -4*l + 2*l, -5*j + 50 = 2*l. Let p(y) = j*y**2 + 7*y + 3 + 4 - y**3 + 2*y**3. Let o be p(-7). What is the greatest common factor of o and 49?
7
Let w(a) = 4*a**2 - 82*a + 685. Let s be w(10). What is the highest common factor of 5 and s?
5
Suppose -2*g + 0 = -2. Suppose -g = -2*a + 7. Suppose h - 22 = a*x, -h - 4*x + 47 = -15. Calculate the highest common divisor of 6 and h.
6
Suppose -2*c + c = -5, -s - 5*c + 245 = 0. Let j be (110/15)/(2/6). What is the greatest common divisor of j and s?
22
Let i(b) = -6*b - 2. Let s be i(-4). Suppose 0 = h - 5*h + 5*w + 1107, 5*w - 561 = -2*h. Let r = h - 124. What is the greatest common factor of s and r?
22
Let w be ((-5)/(-1) - (-4 + 4)) + -1. What is the highest common factor of w and 124?
4
Let z(p) = -2*p - 25. Let v be z(-15). Suppose -75 - 250 = -v*i. Calculate the highest common divisor of 5 and i.
5
Let p(y) = -y**3 + 3*y**2 + 2*y - 48. Let v be p(0). Let f = -8 - v. What is the highest common factor of f and 5?
5
Suppose 0 = -4*p + 8 - 0. Let s be (p + 1 - 3)/(-2). Suppose -52 = -2*q - s*q. What is the greatest common divisor of q and 13?
13
Suppose -2*s + 14 = -4*a, -6*a + 57 = 3*s - 3*a. Let j = 9 + s. Calculate the highest common factor of 192 and j.
24
Suppose -16 - 36 = -2*v. Suppose 2*a + 0 = 4. Suppose 3*p + v = z - 48, a*z - 121 = -3*p. What is the highest common divisor of 13 and z?
13
Let h(f) = 14*f - 80. Let t be h(10). Let i be (3/(-10))/(34/(-85))*t. Suppose 12 = -2*k + 48. Calculate the highest common factor of k and i.
9
Let k be ((-102)/(-8))/((-4)/(-48)). Suppose -3*q + q - 5*r = -k, r = 4*q - 339. Suppose q = 3*v - v. Calculate the highest common divisor of 6 and v.
6
Suppose 0 = -5*o + 4*o + 59. Suppose 73 = 4*l - o. Let g = l + -17. What is the greatest common factor of g and 32?
16
Suppose -4*l + 1851 = 447. What is the highest common factor of 39 and l?
39
Let r = -795 - -426. Let u = -137 - r. What is the greatest common factor of u and 29?
29
Let j be (-14)/(((-28)/24)/7). What is the highest common factor of 1456 and j?
28
Let u(s) = -10 - 3*s - 1 - 1. Let r be u(-8). What is the highest common factor of 12 and r?
12
Let i = -67 + 157. Suppose 0 = -7*y + 78 + i. Calculate the highest common factor of 96 and y.
24
Let v be 3 - (1*-17 - (-12 + 10)). Suppose -3*s - v = -5*s. Let i be 1*(1/1 + 98). Calculate the highest common factor of i and s.
9
Let m be (1 - (-82)/3) + 8/12. Suppose -m*a + 27 = -26*a. Calculate the highest common factor of 9 and a.
9
Suppose 4*b - 7 = p + 3, 0 = 3*b - 9. Let h(v) = -2*v**3 - v**2 + 2*v. Let g be h(p). Let m = g + 36. Calculate the greatest common divisor of m and 30.
10
Let b be 8/(-40)*-35 + 29. Calculate the greatest common divisor of 6 and b.
6
Suppose -m + 5 = 0, 0 = -5*h - 5*m + 392 - 47. Let l(y) = -187*y - 2602. Let u be l(-14). Calculate the highest common factor of u and h.
16
Suppose 132 - 55 = 7*y. Let g(a) = -4*a - 5. Let f(z) = 4*z + 5. Let t(q) = 5*f(q) + 6*g(q). Let o be t(-4). Calculate the greatest common divisor of y and o.
11
Suppose 0 = -7*k + 47 - 19. What is the greatest common divisor of k and 292?
4
Let j(l) = l**2 + 7*l - 14. Let g be j(-6). Let h be (-4)/g - (-942)/15. What is the highest common factor of 9 and h?
9
Let u be (2/5)/((-2)/(-20)). Let y = 888 - 880. Calculate the greatest common divisor of u and y.
4
Let f = -44 + 125. Calculate the greatest common divisor of 3 and f.
3
Suppose 14*o = 19277 - 853. Calculate the highest common factor of o and 28.
28
Let n be 0 - 1 - (7 + -4). Let j be 8/28 + n/14. Suppose j = -0*h - h + d + 23, 0 = -4*h - 4*d + 84. What is the greatest common factor of h and 2?
2
Suppose 1765 = 3*d - 2*j, 5*d + 593 = 6*d + 4*j. What is the highest common factor of 19 and d?
19
Let p(a) = 9*a**2 - 32*a + 10. Let m be p(4). Let s(i) = -i - 8. Let n be s(-6). Let z be n*(39/(-6) - 0). Calculate the highest common factor of z and m.
13
Let r = 2247 - 1967. Calculate the greatest common divisor of r and 350.
70
Suppose -154 = -14*u + 560. Calculate the highest common factor of u and 136.
17
Let v = -5 + 5. Suppose v = h + 8 - 27. Let a = 72 - -23. What is the greatest common divisor of a and h?
19
Suppose -3902*s + 3903*s - 25 = 0. What is the highest common factor of s and 17?
1
Let o(k) = -5 + 2*k - 2*k - 3*k. Let v be o(5). Let u = 8 - v. What is the greatest common divisor of u and 56?
28
Let l = -2 + 2. Let x = 29 + -24. Suppose -x*m = y - 94, -m + l*y = y - 22. What is the highest common divisor of 18 and m?
18
Let d be ((-13)/8 - 9/24) + 4. Suppose 4*f = p + 67, 4*f - 40 = d*p + 30. Calculate the greatest common factor of f and 48.
16
Suppose t + a + 161 = 5*t, 0 = -5*t - 2*a + 211. Let y = 55 - t. What is the highest common divisor of 2 and y?
2
Let b(r) = r**2 + 4*r + 4. Let h be b(-4). Let j = 10 - h. Calculate the greatest common divisor of j and 12.
6
Let d be (-2)/(-8)*940 - 10. Calculate the highest common factor of 405 and d.
45
Let f(w) = -4*w**3 - 9*w**2 + 0*w**2 - 5*w + 5*w**3 + w. Let u be f(10). What is the greatest common factor of u and 20?
20
Suppose 3*k - 18 = -r, -3*k + 12 = -0*k. Suppose 0 = 2*y + 3*m + 9, 3 + 6 = -y - 3*m. Suppose y*c = -c + 30. Calculate the greatest common factor of c and r.
6
Let s be (-48)/(-60)*170/1. Suppose -2*a - 2*a = -s. Calculate the greatest common factor of a and 17.
17
Let o(l) = -2*l**3 + 19*l**2 - 7*l - 7. Let i be o(9). Calculate the highest common divisor of 11 and i.
11
Suppose -5*g + 5*o - 160 = 0, 4*g + 144 = -5*o + o. Let c = g + 102. Calculate the greatest common divisor of 17 and c.
17
Suppose 47*a - 312 = 39*a. Let j be (-23)/((2 - 1)*1). Let m = j + a. What is the greatest common factor of 80 and m?
16
Suppose 27 = -5*z + 7. Let x be (-34)/(-8) + 1/z. Suppose 11*l - x*l - 161 = 0. Calculate the highest common factor of l and 23.
23
Let c be (8/24)/((-2)/(-102)). Calculate the greatest common divisor of c and 68.
17
Suppose -5*d = -16*d - 176. Let k = d + 49. What is the highest common factor of 11 and k?
11
Let j(z) = -2*z**2 + 2. Let x be j(0). Suppose -264 = 2*h - 5*h. Suppose x*i = c + h, -2*i + 0*c = -3*c - 96. What is the greatest common divisor of 21 and i?
21
Let q = -484 - -519. Calculate the greatest common divisor of q and 490.
35
Let o be -3 - 96/9*-3*19. Calculate the highest common factor of 55 and o.
55
Let f(z) = z**2 + 2*z - 2. Let m be f(1). Let l be (m/(-2)*(-8 - 0))/2. What is the greatest common divisor of 22 and l?
2
Let i be (-1)/2*(1 - 33). What is the greatest common divisor of i and 12?
4
Suppose -n + 27 = 5*s, 3*n - 43 = 3*s + 2. Suppose -2*c + 4 = -0, 0 = 4*v + 3*c - 278. Calculate the greatest common divisor of v and n.
17
Let d(p) = -2*p**3 - 2*p**2 - p + 1. Let u be d(3). Let w be -5*(u/10 + 2). Let r be (-6)/w + 796/18. What is the greatest common divisor of r and 110?
22
Let p(d) = 4*d + 1. Let g be p(-2). Let i = 13 + g. Let q be (-27 - 1)*i/(-7). Calculate the greatest common factor of 6 and q.
6
Suppose -3*x = 46*v - 48*v + 112, -4*x - 232 = -4*v. What is the highest common factor of v and 155?
31
Let x = 165 - 93. Calculate the greatest common factor of x and 54.
18
Let l = 6 + 18. Let n(c) be the second derivative of c**5/5 - c**4/4 - 2*c**3/3 + 3*c**2/2 + c. Let f be n(3). Calculate the highest common factor of f and l.
24
Let j be -1 + 18/14 - (-108784)/1456. What is the highest common factor of j and 300?
75
Let y = 12 + 14. Let s = y + -25. Let l be 1/(s/10 + 0). What is the highest common factor of 80 and l?
10
Let b = 10